25.
13
Let o = -12 - -39. Suppose 173*x = -179*x + 315*x + 2146. Calculate the remainder when x is divided by o.
4
Suppose -x = 5*y - 2, -2*x = -y - 6 + 2. Suppose -25 = o - 3*h, x*o + o + 4*h = -101. Let r = o - -38. What is the remainder when 11 is divided by r?
4
Let p be 7348/(-55)*(-10)/4. Suppose f - 4*a = 46 + 136, -p = -2*f + 2*a. Calculate the remainder when f is divided by 42.
36
Suppose -10*q + 541 = 261. Suppose -k = -3*k + 158. What is the remainder when k is divided by q?
23
Suppose 3*g + 134 = 128. Calculate the remainder when (-127 + 43)*(0 + 1 + g) is divided by 1/3 - 86/(-3).
26
Let p be ((-13)/2 - -4)*(-24)/15. Suppose -3*k + 19 = 2*d, 2 = 4*k - 6*d + p*d. What is the remainder when 10 is divided by k?
1
Let f(l) = 316*l - 367. Calculate the remainder when f(5) is divided by 61.
54
Let j = -423 + 365. Let v = j + 497. Calculate the remainder when v is divided by 44.
43
Suppose 0 = 10*n - 90 - 40. Suppose -n*t + 971 - 360 = 0. What is the remainder when t is divided by 8?
7
Let r = 61 - 58. Suppose -8*q + 15 = -r*q. Suppose -k + 2*m + 1 = 0, q*k - 4*m - 4 - 9 = 0. Calculate the remainder when 29 is divided by k.
7
Suppose 12 = 3*c + 2*l, 33*c + 2*l = 37*c - 16. Suppose -539 = -c*k + n - 197, -4*n - 336 = -4*k. What is the remainder when k is divided by 22?
20
Suppose 4*x + 3*k - 4*k + 3 = 0, -5*x + 4*k - 12 = 0. Suppose 5*u - 2*q + x*q - 604 = 0, 3*u - q - 363 = 0. Calculate the remainder when u is divided by 25.
22
Let u be (-10)/(-8) - (-24528)/192. Suppose -360 = -4*a - 5*d, 4*a + 3*d - 239 = u. What is the remainder when a is divided by 41?
13
Let b(p) = -p + 5. Let j = 49 + -53. Let d(x) = 25*x**3 - 2*x**2 + 2*x - 1. What is the remainder when d(1) is divided by b(j)?
6
Suppose -5*i + d = -1509 + 528, -d - 1 = 0. Let a = -190 + i. Calculate the remainder when 33 is divided by a.
3
Let d = -513 - -515. Suppose -2*u - 3 = -18*v + 17*v, -4*v + 22 = d*u. Let s = 95 + -57. Calculate the remainder when s is divided by v.
3
Suppose -4*d + 136 = -524. Let j = -333113 - -333126. What is the remainder when d is divided by j?
9
Let z(y) = 5*y + 343. Let h be z(-69). Let r(a) be the first derivative of 2*a**3/3 + 5*a**2/2 + 5*a + 2. Calculate the remainder when 3 is divided by r(h).
0
Let p(d) = d**2 - 4*d + 7. Suppose 10*j - 8 = 42. Calculate the remainder when p(-3) is divided by j.
3
Let t = -7 - -9. Suppose 5*a - 186 = t*a. Calculate the remainder when a is divided by (6/4)/((-168)/(-1792)).
14
Let h = 738 - 328. What is the remainder when h is divided by 71?
55
Let t = -2742 + 2859. Calculate the remainder when t is divided by 30.
27
Let j = 516 + -367. Let r(t) = 14*t**2 - 9*t + 4. What is the remainder when j is divided by r(2)?
23
Suppose 6 = -347*j + 344*j, 2*j + 38 = 2*p. Suppose 1 + 97 = v. Let r = v - 51. Calculate the remainder when r is divided by p.
13
Suppose -12 = -2*x - 4*j, 4*j = -x + 2 - 0. Let v be 4 + (-12)/8*4. Calculate the remainder when (107/v)/((-7)/14) is divided by x.
7
Suppose 4*b + 344 = -v + 5*v, -5*b = v + 454. Let n = 117 + b. Calculate the remainder when n is divided by 15.
12
Let a(b) = -172*b - 3799. Calculate the remainder when 1566 is divided by a(-23).
153
Let o(l) = -l**3 + 9*l**2 + 7*l + 11. Suppose 10*x - 52 = 38. Calculate the remainder when o(x) is divided by 14.
4
Let v be 2*3 - (35 - 68). Suppose -c + 7 = -4*k - 35, -k + v = 2*c. What is the remainder when 1/(-1 - 110/(-109)) is divided by c?
21
Suppose 10 = -0*x + 2*x. Suppose -5*b = c - 6*c + 45, 3*c - 25 = x*b. Calculate the remainder when -16*7/(-2) + 15*(-22)/(-110) is divided by c.
9
Let j(z) = -462*z - 475. Calculate the remainder when j(-2) is divided by 85.
24
Suppose 0 = 262*q - 204*q - 870. What is the remainder when 417 is divided by q?
12
Let z(d) = 2074*d - 11925. What is the remainder when z(6) is divided by 85?
9
Let x(w) = -2*w**3 - 4*w**2 - 3*w + 1. Calculate the remainder when (-2)/(-7) + -10 + 1240/70 is divided by x(-2).
1
Suppose 0 = 3*v + 2*y - 36, 2*v + 2*y - 24 = y. What is the remainder when 68 is divided by v/8*874/57?
22
Let s(k) be the third derivative of 7*k**6/40 + k**3/3 + k**2. Suppose 3*h = 4*i + 109, -4*h = -2*h - 2*i - 76. What is the remainder when s(2) is divided by h?
41
Let v(a) = -17*a + 216. Let d be v(9). Suppose -61*t = -d*t + 106. What is the remainder when t is divided by 18?
17
Let u(i) = i**3 - 13*i**2 + 6*i - 9. Let m be u(13). Let j = -47 + m. Calculate the remainder when (-2)/4*(0 - (-1 - -83)) is divided by j.
19
Let r = -17 + 28. Let s(i) be the second derivative of -i**5/20 + 5*i**4/6 + 5*i**3/2 - 9*i**2/2 + 312*i. What is the remainder when s(r) is divided by 9?
8
Let s(i) = -2158*i**3 + 325*i + 325. Calculate the remainder when s(-1) is divided by 16.
14
Let q = -58327 - -58332. Suppose 4*u = -u - 15. Let o(s) = -s**3 - 2*s**2 - 4*s - 3. What is the remainder when o(u) is divided by q?
3
Let z = -9430 + 9957. What is the remainder when z is divided by 22?
21
Suppose -3326377 = -10*t - 136*t - 641291. Calculate the remainder when t is divided by 44.
43
Let r be 6/39 + (-3045)/(-65). Suppose 4*s + 2*n = 95 + r, 0 = -s + 3*n + 25. What is the remainder when s is divided by 21?
13
Let d(a) = -a + 9. Let k be d(5). Suppose 4*s = k*o - 24 - 32, o + s = 16. What is the remainder when (2 - 9)/((-5)/o) is divided by 11?
10
Suppose 3*q - 3*j - 249 = 1416, q = -2*j + 564. Calculate the remainder when q is divided by 94.
88
Let a(u) = -u**2 - 13*u + 140. Calculate the remainder when 1046 is divided by a(-18).
46
Let u(j) = -j**3 + 25*j + 14. Let m be u(6). Let d = m - -99. Calculate the remainder when 186 is divided by d.
45
Suppose 6*s = 3*s - 4*u + 266, u - 87 = -s. Calculate the remainder when 653 is divided by s.
79
Suppose 0*q + q - 3*s = 854, 2*q - 5*s = 1702. What is the remainder when 844 is divided by q?
8
Let g(u) = u**2 - 25*u - 82. Let d be g(28). Suppose 4*k + 164 = m - 0*k, -5*k - 328 = -d*m. What is the remainder when m is divided by 24?
20
Let m(q) = q**2 - 10*q - 30. Let b be m(-7). Let l = 128 - b. What is the remainder when 76 is divided by l?
37
Let o(n) = 18*n**2 - 3*n - 4. Calculate the remainder when o(3) is divided by ((-6)/(-3) - -1)/((-3108)/350 - -9).
24
Let i = -4067 - -4186. What is the remainder when i is divided by 69?
50
Suppose -4*x + 3*p = -x - 54, 0 = 3*p. Let y = x - -68. Suppose 2*m - 84 = y. What is the remainder when m is divided by 10?
5
Suppose 14*g - 57 = 11*g. Suppose -g*x = -16*x - 267. Let t = 32 + -17. Calculate the remainder when x is divided by t.
14
What is the remainder when ((-840)/36)/((2/(-2))/24) is divided by 80?
0
Let y = -36 - -17. Calculate the remainder when 92 is divided by (57/y)/(3/(-16) + 0).
12
Suppose 38*t - 28*t = 630. Calculate the remainder when 1196 is divided by t.
62
Let l = -3541 + 4330. Calculate the remainder when l is divided by 22.
19
What is the remainder when 8/26 - 447456/(-1027) is divided by 87?
1
Let y = -50 - -83. Let o(s) = -7*s**2 + 2 + 6*s**2 + 4 + y*s. What is the remainder when 39 is divided by o(33)?
3
Let b = -130 - 18. Let h = 165 + b. What is the remainder when 50 is divided by h?
16
Suppose 334*q = 330*q + 832. What is the remainder when 273 is divided by q/(-78)*69/(-4) + 0?
43
Let g be -1*4/((-8)/58). Suppose -25*w - 252 = -g*w. Suppose s - u - 101 = -4*s, 0 = -3*s + 3*u + w. Calculate the remainder when s is divided by 7.
6
Let g = -56 + 83. Calculate the remainder when (-4)/198 - 6018544/(-45936) is divided by g.
23
Let m = -179 - -194. Let q = 198 + -40. Suppose 4*u - q - 126 = 0. What is the remainder when u is divided by m?
11
Let w(l) = -11*l**2 - 32*l + 12. Let z(n) = 8*n**2 + 32*n - 13. Let c(m) = -2*w(m) - 3*z(m). What is the remainder when 134 is divided by c(-16)?
14
Suppose -340 = -29*i - 282. What is the remainder when 110 is divided by i?
0
Suppose -9*z + 61 = -2. Suppose -3*p = -z*p + 32. Calculate the remainder when 21 is divided by p.
5
Let h = 1567 + -980. What is the remainder when h is divided by 127?
79
Let f = 63 - 60. Suppose f*p = 2490 - 483. Calculate the remainder when (-7)/(189/(-6)) - p/(-27) is divided by 13.
12
Suppose -14*a - 252 = -11*a. Let h = a - -133. Calculate the remainder when h is divided by 30.
19
Let s = -14445 + 14649. Calculate the remainder when 1623 